*v + 497 = w. What is the remainder when 202 is divided by v?
14
Let n = -29085 + 29107. Let m = 117 + -82. Calculate the remainder when m is divided by n.
13
Let d = 95 - 79. Let n(f) = -f**3 + 16*f**2 - 2*f + 12. Let y be n(d). Let i = y + 30. Calculate the remainder when i is divided by 4.
2
What is the remainder when 14260/(-80)*(2 + (-4 - (2 - -4))) is divided by 179?
173
Let r(j) = -j**2 + 24*j + 302. Let d be (-12)/(-5) - (-10)/(-25). Suppose -d*g + 5 + 21 = 0. What is the remainder when r(32) is divided by g?
7
Let f(v) = 4*v + 312. Calculate the remainder when 2013 is divided by f(-50).
109
Let v = -41 - -26. Suppose 53 = z - 5*h, 309 = 6*z - z - 3*h. Calculate the remainder when z is divided by 50/v*(-54)/10.
9
Suppose 348390 = -40*y + 166*y. What is the remainder when y is divided by 22?
15
Suppose 4*b = 3*r + 13, -2*b - 3*r = 5 + 2. Suppose d - 2 = -b. Suppose -3*u - 4*c + 93 = 75, -u - 4*c + 14 = 0. What is the remainder when u is divided by d?
0
Let p(k) = -20*k - 295. Suppose -3*c + 10 = -4*c - 3*n, n + 46 = -3*c. What is the remainder when 50 is divided by p(c)?
0
Suppose 24 + 1 = 5*j. Suppose -m + 174 = j*m. Suppose 5*s - 4*p + m = 95, 5*p + 37 = 3*s. Calculate the remainder when 152 is divided by s.
12
Let t(v) = -v**3 - 14*v**2 - 15*v - 5. Let b = 208 + -130. Calculate the remainder when b is divided by t(-13).
15
Let i(d) = -d**3 - 10*d**2 + 12*d + 13. What is the remainder when 435 is divided by i(-12)?
121
Let f = 421 + -223. Let j = f + -196. Calculate the remainder when 22 is divided by j.
0
Let u = -1905 - -2058. Calculate the remainder when u is divided by 14.
13
Let u = -454 - -715. Suppose 9*t + 45 = u. What is the remainder when 212 is divided by t?
20
Suppose -427*l - 5*y = -428*l + 57, 4*l - 4*y - 116 = 0. Calculate the remainder when 1173 is divided by l.
7
Let o = 2975 + -2891. What is the remainder when 176 is divided by o?
8
Suppose -t - 2*t + 288 = 0. Suppose 3*n + 282 = -3*f, 52*n - 47*n + 110 = -f. Let u = f + t. Calculate the remainder when 14 is divided by u.
2
Suppose 0*p = -2*m + p + 198, -5*m + p = -495. Suppose 672 = 3*a + 3*x, a - 900 = -3*a - 2*x. Let f = a - m. Calculate the remainder when f is divided by 26.
23
Suppose 2*r + 5*n - 34 - 24 = 0, 0 = n + 4. Suppose z - r = 7. Suppose -17*s + 2*s = -19*s, -4*p - 2*s = -100. What is the remainder when z is divided by p?
21
Let u(f) be the third derivative of f**5/60 + f**4/3 + 71*f**3/3 + 2*f**2. Calculate the remainder when u(0) is divided by 29.
26
Suppose h - 403 = -4*o, -121 = -5*o + 3*h + 387. Calculate the remainder when o is divided by 50.
1
Suppose 0 = 5*z + v - 322, 5*v + 538 = 4*z + 292. What is the remainder when 751 is divided by z?
47
Let l(j) = -10*j**3 + 3*j**2 + 25*j - 17. Let m be l(-7). Suppose 23*s = m + 2457. Calculate the remainder when s is divided by 13.
7
Suppose 11*c = 8*c. Let t be (-44)/55*9*(c - 30). Suppose k + 3*k - t = 0. What is the remainder when k is divided by 29?
25
Suppose 2*r - 6 = 0, -180 + 13 = -5*z + r. Let s = -1770 + 1750. Let a = s + z. What is the remainder when 54 is divided by a?
12
Let w = 14 - -24. Suppose -2*m - 163 = 5*v, -3*v - 27 = 2*m + 130. Calculate the remainder when w is divided by m/(-7) - 10/(-175)*-10.
8
Suppose 4*f = p + 3809, -5*p + 6166 - 2387 = 4*f. What is the remainder when f is divided by 13?
2
Suppose -1345 + 11462 = 5*j + 4*p, 0 = -2*j + 3*p + 4056. Calculate the remainder when j is divided by 13.
10
Suppose 4*v - 3*v = 57. Let x = v - 34. Let r = 632 + -588. What is the remainder when r is divided by x?
21
Let g = -4078 - -4795. Calculate the remainder when g is divided by 38.
33
Suppose 3*d + 2*k = 215, -3*k - k = -d + 81. Suppose 11*u - 269 = 83. Suppose 44*a - u*a = 324. What is the remainder when d is divided by a?
19
Let c be 3/(-1)*((-21)/7 + 4). Let v(a) = -a**3 + 6*a**2 + a - 1. What is the remainder when v(c) is divided by 28?
21
Let v(w) = 7*w**2 + 24*w - 13. Suppose 9*c - 1308 + 444 = 0. What is the remainder when c is divided by v(-4)?
0
Let q be ((-868)/16)/7 + 13/(-52). Suppose 2*o + o - 444 = -3*y, 3*y + 4*o - 448 = 0. Calculate the remainder when y is divided by (6416/(-38))/q - 10/95.
18
Let f = -496 - -511. Calculate the remainder when 10543 is divided by f.
13
Let p(w) = w**2 - w - 1. Suppose 0 = -13*a + 2*a + 2678 - 2491. What is the remainder when a is divided by p(-3)?
6
Suppose d + 4 = 2*b, 5*d - b = 10*d - 24. Let t = 25 - -31. Suppose 2*k - d*z - 30 = 0, -3*z - 40 - t = -5*k. Calculate the remainder when 62 is divided by k.
20
Let i = -26902 - -27260. Calculate the remainder when i is divided by 210.
148
Suppose -5*m - 101 = -71, 5*m = -3*s + 4818. Calculate the remainder when s is divided by 56.
48
Let g(s) = -3*s + 10. Let m(o) = o + 8. Let t be m(12). Suppose 4*c = -4*y - 16, t = -3*y - 2*y. What is the remainder when 29 is divided by g(c)?
9
Suppose 37*r + 5016 = 29*r. Let a = r - -665. Calculate the remainder when 302 is divided by a.
36
Suppose f = 3*q - 7, 5*f - 115 + 114 = -3*q. Calculate the remainder when 144 is divided by q.
0
Suppose -7*h - 611 = -l - 5*h, 0 = l - 11*h - 575. Calculate the remainder when 1244 is divided by l.
6
Let h(g) = -362*g + 4023. What is the remainder when 1885 is divided by h(11)?
40
Let f = -14165 - -14181. Calculate the remainder when 1063 is divided by f.
7
Suppose -131*f = 28*f - 1272. Suppose 2*r + 2*r - 4 = 0, -2*t + 88 = -4*r. What is the remainder when t is divided by f?
6
Let v = 3856 + -3735. Suppose 0 = n - 6*n + 305. What is the remainder when v is divided by n?
60
Let y = 708 + -687. Calculate the remainder when 754 is divided by y.
19
Suppose 2*c - 58 = 4. Let j be ((-15)/6)/(-5)*0. Suppose -4*p - 375 = -7*p - 3*f, j = 2*p - f - 238. Calculate the remainder when p is divided by c.
28
Suppose -3*l = -222*x + 226*x - 151, 5*x - 2*l - 160 = 0. What is the remainder when 2366 is divided by x?
20
Suppose -4*z = 5*z + 351. What is the remainder when 149 is divided by (12/(-45) - 10/25)*z?
19
Let v = -8833 + 9532. Calculate the remainder when v is divided by 255.
189
Suppose -6 = -19*z + 17*z - f, -z - 2*f = 0. Suppose -p + 4*w + 28 = -50, -4*p = -z*w - 264. What is the remainder when p is divided by 11?
7
Let x be 3*(-1 - (-21)/9). Suppose y = -g + 30, 3*g + x*y - 45 = 45. Let j(q) = -985*q - 969. Calculate the remainder when g is divided by j(-1).
14
Let o = 44 + -37. Suppose o*x + 32 = 11*x. What is the remainder when 53 is divided by x + (2 + -3 - -4)?
9
Let i(r) = 30 + 42*r - 86*r + 45*r. What is the remainder when 45 is divided by i(-6)?
21
Suppose 20*o + 783 = 2863. What is the remainder when 5199 is divided by o?
103
Let y = 30 - 33. Calculate the remainder when (4 + y)/((3 + -1)/338) is divided by 19.
17
Let o be 386/6 + (-4)/(-24)*4. Let s = 111 - o. Let c(h) = 4*h**2 + 43*h + 15. Calculate the remainder when s is divided by c(-11).
20
Let i(q) = 54*q - 98. Let r be i(4). Let t = r - 64. Calculate the remainder when t is divided by 19.
16
Let w = -7573 + 7603. Let n(d) = d**3 - 3*d**2 - d - 5. What is the remainder when w is divided by n(4)?
2
What is the remainder when (27/33 + (120/(-110))/(-6))*937 is divided by 6?
1
Let h(r) = -r**3 - r + 1. Let g(t) = -7*t**3 - 4*t**2 - 5*t + 14. Let p(x) = g(x) - 6*h(x). What is the remainder when 164 is divided by p(-5)?
24
Suppose -140*w = 123*w - 50*w - 23217. Calculate the remainder when 142 is divided by w.
33
Suppose 0 = 25*y - 36 + 186 - 650. Calculate the remainder when 135 is divided by y.
15
Calculate the remainder when (-28)/(-98) - -9*60260/70 is divided by 47.
40
Suppose 2*g = -2*q - 2*q + 5538, -g + 2734 = -5*q. Suppose -18*z = 13*z - g. What is the remainder when z is divided by 8?
1
Let u be (4/(-6) - -1)*12. Let p(o) = 34*o - 772. Let m be p(24). Suppose -u*a = 16 - m. What is the remainder when 20 is divided by a?
6
Calculate the remainder when 803 is divided by (-5236)/(-136) - (17/(-10) - (-2)/10).
3
Let l(v) = -35*v + 787. What is the remainder when 485 is divided by l(18)?
14
Let u(i) = 5*i + 6. Let t(n) = 2*n**2 - 222*n + 295. What is the remainder when t(110) is divided by u(5)?
13
Let m = -49 + 54. Suppose -m*u + 2*p = -26, 2*u + 8*p - 10 = 9*p. Suppose 63 + 237 = 4*i. Calculate the remainder when i is divided by u.
3
Suppose -4*y = 3*